he highest common divisor of 35 and q.
35
Suppose -512*c + 442*c + 1750 = 0. Let v(i) = -i + 5. Let l be v(3). Let a = l + 3. What is the highest common divisor of c and a?
5
Suppose 0 = -4*q + 662 + 110. Suppose 2*c - q = -c + p, 5 = p. Let g(d) = -174*d - 1386. Let i be g(-8). What is the greatest common divisor of c and i?
6
Let x(t) = 37*t**2 - 5*t + 3. Let w be x(1). Let l be -950*(126/w + -4). What is the greatest common divisor of 76 and l?
76
Let m = 36722 + -19896. Calculate the highest common divisor of 94 and m.
94
Let l(c) = 31*c**2 + 8*c - 248. Let o be l(25). What is the highest common factor of o and 154?
77
Suppose 3*u - 2*u + 2*v = 40, 5*v = -3*u + 116. Suppose -33*m + 6435 = -5181. Calculate the greatest common divisor of u and m.
32
Let o be 1 + -4 - (-22)/2. Let k = -84 - -89. Let s(z) = z**3 - 6*z**2 + 6*z + 15. Let y be s(k). Calculate the greatest common factor of y and o.
4
Suppose 0 = d - 1 - 1. Suppose 33 = d*f - 209. Let s = f + -98. Calculate the greatest common factor of s and 207.
23
Let n(s) = 41*s**2 + 70*s + 3. Let x be n(-2). Let z be (-1)/(-3 - 8/(-3)). Calculate the greatest common divisor of z and x.
3
Let w(a) = -39*a + 27. Let t be w(-5). Suppose 3*s = -3*y + t, 4*s = 3*y - y - 136. Calculate the highest common factor of 9 and y.
9
Let x = 4814 + 9928. Calculate the greatest common factor of 21 and x.
21
Let z(u) be the second derivative of u**3/6 + 53*u**2/2 + u - 9. Let f be z(11). Let g = 4 - -4. What is the highest common factor of f and g?
8
Suppose -149*v + 134*v + 2160 = 0. What is the greatest common divisor of v and 828?
36
Let h(n) = n + 16. Let c be h(0). Suppose -1033 = -4*f - 5*t, t = -4*f + 6*t + 983. Let l = -212 + f. Calculate the highest common factor of l and c.
8
Let y be (-120)/18*12/(-10). Let w be (-16)/(-10) - 2 - 3210/(-150). Let l = 3 + w. What is the greatest common divisor of y and l?
8
Let y(b) = -b**3 + 36*b**2 + 81*b - 171. Let x be y(38). What is the greatest common divisor of 6289 and x?
19
Suppose -3*n + 63 - 3 = 0. Let w(h) = h**3 + 13*h**2 + 12*h + 17. Let i be w(-12). Let a be 50/6 + i/(-51). What is the greatest common factor of n and a?
4
Let x(m) = -23*m**3 - m**2 + 197*m + 603. Let y be x(-3). Calculate the greatest common divisor of y and 60.
12
Let g be (3 - -1)*-2*1/(-2)*7. Calculate the highest common divisor of g and 133.
7
Suppose -288*f = -472943 + 58223. Calculate the greatest common factor of f and 243.
9
Let z = -3061 + 3083. What is the highest common factor of z and 2420?
22
Suppose 0 = -5*t + 3*z + 420, -5*z = 4*t + 40 - 376. Calculate the highest common divisor of 360 and t.
12
Let y = -76 + 77. Let m be (-3)/y + -2 + 9 + -1. Calculate the greatest common factor of m and 69.
3
Let j = 5433 + -5410. What is the greatest common factor of 12949 and j?
23
Let p be -1 + 3/6 - (-272)/32. Let h(f) = 7*f - 47. Let n be h(p). Suppose q - 2*q + 3*x = -72, 3*q - 255 = -4*x. What is the highest common divisor of q and n?
9
Suppose o + o = 432. Suppose 2*i + 8 = -9*g + 5*g, 2*i = 3*g + 13. Let y be (-40)/(-2) + (-21)/g. What is the highest common factor of o and y?
27
Let u = -66 - -17. Let r = u + 54. Suppose -r*s + d = -57, 3*d + 21 = 5*s - 30. What is the highest common factor of s and 12?
12
Suppose 0 = -5*y - 2*i + 2208, 2*y - 12*i = -7*i + 860. Let s be (y/(-132))/(2/(-195)). What is the greatest common divisor of 13 and s?
13
Let b(x) = 31*x + 308. Let s be b(-9). Suppose s*h = 36*h - 462. What is the greatest common divisor of 264 and h?
66
Let y be 2/10 + 18/10. Suppose 0 = -y*w + 438 - 78. Suppose 0 = -2*p + 3*h + 27, h - 56 - 1 = -3*p. Calculate the greatest common factor of w and p.
18
Let u be 10/((-560)/24) + (-2)/((-28)/12802). What is the greatest common divisor of 8 and u?
2
Suppose 145*g - 21116 = 1359. What is the highest common divisor of 80 and g?
5
Suppose 5*w = 3*l - 487, -l + w + 48 = -113. Calculate the greatest common divisor of 318 and l.
159
Suppose 13*a - 27 - 51 = 0. Suppose -713 = -a*v + 2*v + 5*h, -v + 179 = -2*h. What is the highest common divisor of 118 and v?
59
Let b = 76 - -354. Let i = b - 358. Suppose 0*z = z - 54. Calculate the highest common divisor of z and i.
18
Suppose 0*v + 392 = 2*v. Suppose 5*u - 2016 = -13*u. Suppose -73*l + u = -69*l. Calculate the greatest common factor of v and l.
28
Suppose 3*g - 2*x = 170, 5*g - x - 133 = 155. Suppose g = -2*p + 114. What is the highest common divisor of p and 56?
28
Suppose -187 = -538*y + 521*y. Let w = 140 + -20. Suppose -y*i + w = -3*i. Calculate the greatest common divisor of i and 165.
15
Let m(i) = -i + 16. Let k(g) = 2*g. Let t(a) = k(a) + m(a). Let r be t(-10). What is the highest common divisor of r and 54?
6
Let g = 142 - 142. Let v be 12 + (-18 - -12 - (-4 + g)). Suppose v*b + 4*b - 980 = 0. Calculate the greatest common factor of b and 20.
10
Suppose 0 = 58*z - 57*z + 5*i - 43, -i = 5*z - 71. What is the greatest common divisor of 2119 and z?
13
Let q be (-770)/(-28)*(9 + 13). What is the greatest common divisor of 50 and q?
5
Suppose 24 - 8 = -4*a, -4*n = -2*a - 24. Suppose n*x - 4*j - 272 = 0, j - 223 = -4*x + 49. What is the highest common divisor of 4 and x?
4
Suppose 77*x - 349592 - 665576 = 0. Calculate the highest common factor of 309 and x.
103
Let n be (-66)/(-4)*28/(-24)*-4. Let l = -77 + n. Suppose l = 3*h - m - 421, m = 4*h - 3*m - 564. Calculate the greatest common factor of h and 28.
28
Let i be (5/25)/(-8 - (-164)/20). Let j(h) = -2*h - 4. Let l be j(-3). Let d be 24/(-2)*(1/i - l). What is the highest common divisor of d and 24?
12
Suppose -5*k = -2*k - h - 224, -k - 4*h + 92 = 0. Let w be 12/30 - (-568)/5. What is the highest common factor of k and w?
38
Let g be -7 + (0 - -11) - 1*-4. Let y = -343 - -353. Calculate the greatest common factor of g and y.
2
Let n be 9/(-6)*36/(-6). Let d(l) = 16*l**2 + 4*l + 7. Let t be d(-4). Suppose -5*w - s = -2*w - t, 4*s + 65 = w. What is the highest common factor of w and n?
9
Suppose -730 = 57*o - 17383 - 33222. What is the highest common divisor of o and 42?
7
Let h = -74 - -104. Let j = h - 21. Let d(i) = -i**3 - 51*i - 107. Let k be d(-2). What is the highest common factor of j and k?
3
Suppose 24*o - 470 + 117 = 607. Calculate the highest common divisor of o and 760.
40
Let p(d) = -d**3 + 7*d**2 + d + 27. Let h be p(7). Let s = -376 + 682. Calculate the highest common divisor of h and s.
34
Suppose 492*g - 1227062 - 3145588 = 5542134. What is the highest common divisor of g and 88?
88
Let j be (-34200)/270*3/(-2). Calculate the highest common factor of j and 55.
5
Let b(j) = 10*j**2 + 24*j + 18. Suppose 5*w - 2*z + 34 = 0, -2*w + 3*z = 2*w + 30. Let f be b(w). Calculate the highest common factor of 26 and f.
26
Let t = -19 + 28. Let i be (-109)/((-1308)/1836) - 3*3. What is the highest common divisor of i and t?
9
Let p = 65 + 76. Suppose 3*n - 411 = -5*w, -n + 2*w - 5*w = -p. Let f(b) = 194*b + 4668. Let c be f(-24). Calculate the greatest common factor of c and n.
12
Let o be (-1)/(2/8*3/(-6)). Suppose -y - o = -5*y. Suppose -y*z + 268 = 58. What is the highest common divisor of 42 and z?
21
Let j = -35 - -51. Let k = -5 + j. Suppose -i = -2 - 3, 0 = -5*y + 5*i + 360. Calculate the highest common factor of k and y.
11
Let h be -48*((-1)/18 + (-10)/36). What is the highest common factor of 214 and h?
2
Suppose -2*j + 3*s = -4027, -5*j = 2*s + 101 - 10140. Suppose 3*f = b + j, 3*f - 9*b - 2008 = -7*b. Calculate the highest common divisor of 10 and f.
10
Let j be 14605 - (8 - (-90)/(-9))*-4. What is the greatest common factor of 11 and j?
11
Let b(t) = 34*t - 966. Let l be b(56). Calculate the highest common divisor of 536 and l.
134
Let z(l) = -4*l + 18. Suppose 0 = -5*f + 17 + 3. Let b be z(f). Suppose 2*t = -m + 19, -b*m + 3*m = -4*t + 43. What is the highest common factor of t and 96?
12
Suppose 0*q + 5*b + 20 = q, 10 = -4*q + 2*b. Let t(y) = -y**3 - 6*y**2 - y + 36. Let i be t(q). What is the highest common divisor of 64 and i?
16
Suppose -3*u + 3*w + 506 = -2*w, 342 = 2*u - w. Suppose -7*a - u = -592. Calculate the highest common divisor of a and 45.
15
Suppose 3*n - 95 + 50 = 0. Let y be (-3 + 5/(-25))/((-6)/n). Calculate the greatest common divisor of y and 56.
8
Let x = 6756 - 5586. What is the